0.
2, 5, 47, 521
What are the prime factors of 4137269?
19, 41, 47, 113
What are the prime factors of 61046?
2, 131, 233
What are the prime factors of 376188?
2, 3, 23, 29, 47
List the prime factors of 1361274.
2, 3, 19, 11941
List the prime factors of 3256494.
2, 3, 157, 3457
List the prime factors of 22501.
22501
What are the prime factors of 31296386?
2, 11, 1422563
List the prime factors of 105761.
105761
What are the prime factors of 1324261?
1324261
What are the prime factors of 26778?
2, 3, 4463
List the prime factors of 781298.
2, 7, 55807
List the prime factors of 24944082.
2, 3, 4157347
What are the prime factors of 80479?
7, 11497
List the prime factors of 32574.
2, 3, 61, 89
What are the prime factors of 1655914?
2, 13, 63689
List the prime factors of 11697386.
2, 23, 254291
List the prime factors of 1063629.
3, 7, 16883
What are the prime factors of 305956?
2, 7, 223
What are the prime factors of 843540?
2, 3, 5, 17, 827
What are the prime factors of 3171864?
2, 3, 283, 467
List the prime factors of 340029.
3, 37781
List the prime factors of 307777.
29, 10613
What are the prime factors of 6981380?
2, 5, 7, 47, 1061
What are the prime factors of 1174882?
2, 587441
What are the prime factors of 1453428?
2, 3, 47, 859
What are the prime factors of 108415?
5, 21683
What are the prime factors of 478434?
2, 3, 11, 659
List the prime factors of 152844.
2, 3, 47, 271
List the prime factors of 3013022.
2, 1506511
List the prime factors of 133939.
13, 10303
List the prime factors of 2746427.
467, 5881
List the prime factors of 921436.
2, 223, 1033
What are the prime factors of 1235897?
13, 71, 103
What are the prime factors of 226999?
53, 4283
What are the prime factors of 733232?
2, 45827
What are the prime factors of 270702?
2, 3, 557
What are the prime factors of 7174738?
2, 47, 127, 601
List the prime factors of 30466374.
2, 3, 67, 75787
List the prime factors of 658288.
2, 41143
List the prime factors of 1212013.
11, 110183
List the prime factors of 12092.
2, 3023
List the prime factors of 6630062.
2, 3315031
List the prime factors of 33585641.
33585641
What are the prime factors of 295975?
5, 11839
List the prime factors of 18139705.
5, 3627941
What are the prime factors of 39208705?
5, 101, 77641
What are the prime factors of 305234?
2, 152617
What are the prime factors of 4046133?
3, 7, 13, 14821
What are the prime factors of 22212948?
2, 3, 17, 108887
List the prime factors of 58038.
2, 3, 17, 569
What are the prime factors of 750197?
7, 107171
What are the prime factors of 2238550?
2, 5, 44771
What are the prime factors of 2355853?
2355853
What are the prime factors of 1813581?
3, 7, 11, 2617
List the prime factors of 6276629.
79, 79451
What are the prime factors of 61183?
17, 59, 61
What are the prime factors of 981741?
3, 327247
List the prime factors of 13818985.
5, 19, 145463
List the prime factors of 5729323.
17, 23, 14653
List the prime factors of 2393292.
2, 3, 11, 18131
What are the prime factors of 12725017?
12725017
List the prime factors of 1838838.
2, 3, 306473
List the prime factors of 1546448.
2, 19, 5087
What are the prime factors of 560027?
13, 23, 1873
What are the prime factors of 11449497?
3, 3816499
What are the prime factors of 143458?
2, 7, 10247
List the prime factors of 5283431.
5283431
What are the prime factors of 401845?
5, 80369
What are the prime factors of 330258?
2, 3, 19, 2897
What are the prime factors of 306361?
11, 27851
List the prime factors of 218153.
13, 97, 173
List the prime factors of 642450.
2, 3, 5, 4283
What are the prime factors of 2254002?
2, 3, 375667
What are the prime factors of 626346?
2, 3, 7, 1657
List the prime factors of 2089444.
2, 7, 74623
What are the prime factors of 2717737?
11, 247067
What are the prime factors of 1825977?
3, 608659
What are the prime factors of 604914?
2, 3, 41, 2459
What are the prime factors of 730652?
2, 13, 14051
What are the prime factors of 239130?
2, 3, 5, 2657
What are the prime factors of 9078372?
2, 3, 84059
List the prime factors of 6031404.
2, 3, 239, 701
What are the prime factors of 4509568?
2, 7, 719
What are the prime factors of 4715359?
11, 401, 1069
List the prime factors of 30205.
5, 7, 863
List the prime factors of 342478.
2, 109, 1571
What are the prime factors of 11510?
2, 5, 1151
What are the prime factors of 5499414?
2, 3, 83, 409
List the prime factors of 1134530.
2, 5, 113453
What are the prime factors of 4243961?
4243961
List the prime factors of 481840.
2, 5, 19, 317
List the prime factors of 2028206.
2, 31, 32713
What are the prime factors of 2737709?
13, 197, 1069
List the prime factors of 8663826.
2, 3, 1443971
List the prime factors of 693036.
2, 3, 23, 31
List the prime factors of 18503097.
3, 71, 86869
List the prime factors of 1785563.
13, 19, 7229
What are the prime factors of 622770?
2, 3, 5, 20759
List the prime factors of 2818969.
191, 14759
List the prime factors of 6786998.
2, 101, 33599
List the prime factors of 8920611.
3, 7, 15733
List the prime factors of 399627.
3, 19, 41
List the prime factors of 1932910.
2, 5, 7, 53, 521
What are the prime factors of 1602066?
2, 3, 83, 3217
What are the prime factors of 241721?
37, 47, 139
List the prime factors of 3085966.
2, 13, 118691
List the prime factors of 3286788.
2, 3, 273899
List the prime factors of 216992.
2, 6781
List the prime factors of 507551.
11, 46141
List the prime factors of 184970.
2, 5, 53, 349
What are the prime factors of 9729214?
2, 11, 442237
List the prime factors of 508696.
2, 63587
What are the prime factors of 7096687?
13, 545899
What are the prime factors of 812423?
773, 1051
List the prime factors of 10727603.
71, 139, 1087
What are the prime factors of 4082418?
2, 3, 337, 673
What are the prime factors of 26234724?
2, 3, 2186227
What are the prime factors of 45075?
3, 5, 601
What are the prime factors of 899486?
2, 7, 47, 1367
List the prime factors of 3733823.
19, 10343
List the prime factors of 171534.
2, 3, 11, 23, 113
What are the prime factors of 5581124?
2, 131, 10651
What are the prime factors of 536793?
3, 178931
What are the prime factors of 13969477?
3221, 4337
What are the prime factors of 82433?
13, 17, 373
What are the prime factors of 453834?
2, 3, 19, 1327
List the prime factors of 484250.
2, 5, 13, 149
List the prime factors of 156158.
2, 78079
What are the prime factors of 212678?
2, 43, 2473
List the prime factors of 235943.
17, 13879
What are the prime factors of 265286?
2, 7, 2707
List the prime factors of 672214.
2, 17, 1163
List the prime factors of 6727667.
6727667
What are the prime factors of 939584?
2, 53, 277
List the prime factors of 294407.
31, 9497
List the prime factors of 3329.
3329
List the prime factors of 41631.
3, 13877
What are the prime factors of 123592?
2, 7, 2207
What are the prime factors of 59962?
2, 7, 4283
List the prime factors of 328188.
2, 3, 7, 3907
List the prime factors of 1704665.
5, 340933
List the prime factors of 417625.
5, 13, 257
What are the prime factors of 5312624?
2, 332039
List the prime factors of 134650.
2, 5, 2693
What are the prime factors of 11347181?
653, 17377
What are the prime factors of 22361316?
2, 3, 227, 8209
What are the prime factors of 3351851?
3351851
What are the prime factors of 4357800?
2, 3, 5, 269
List the prime factors of 506472.
2, 3, 47, 449
List the prime factors of 312439.
397, 787
List the prime factors of 1019946.
2, 3, 169991
List the prime factors of 185449.
11, 23, 733
What are the prime factors of 149414?
2, 74707
What are the prime factors of 505836?
2, 3, 14051
What are the prime factors of 3874115?
5, 7, 71, 1559
List the prime factors of 689592.
2, 3, 59, 487
List the prime factors of 7938682.
2, 1181, 3361
What are the prime factors of 421793?
463, 911
List the prime factors of 726932.
2, 263, 691
What are the prime factors of 24064506?
2, 3, 79, 5641
List the prime factors of 18213841.
797, 22853
List the prime factors of 3470253.
3, 1156751
What are the prime factors of 204704?
2, 6397
What are the prime factors of 380469?
3, 126823
List the prime factors of 2505554.
2, 1252777
What are the prime factors of 15462?
2, 3, 859
List the prime factors of 3207147.
3, 139, 7691
What are the prime factors of 113832?
2, 3, 17, 31
List the prime